9, 9749
List the prime factors of 183832.
2, 11, 2089
List the prime factors of 103636.
2, 13, 1993
What are the prime factors of 5449681?
647, 8423
List the prime factors of 115912.
2, 14489
What are the prime factors of 1691460?
2, 3, 5, 9397
What are the prime factors of 9694665?
3, 5, 97, 2221
What are the prime factors of 106780?
2, 5, 19, 281
What are the prime factors of 2793597?
3, 931199
What are the prime factors of 225491?
7, 32213
List the prime factors of 4625360.
2, 5, 17, 19, 179
What are the prime factors of 17147611?
13, 17, 77591
List the prime factors of 116559.
3, 1439
What are the prime factors of 596124?
2, 3, 29, 571
What are the prime factors of 29567251?
7, 79, 127, 421
List the prime factors of 9346114.
2, 41, 293, 389
What are the prime factors of 144298?
2, 7, 11, 937
List the prime factors of 17345.
5, 3469
What are the prime factors of 329816?
2, 41227
List the prime factors of 3807670.
2, 5, 37, 41, 251
List the prime factors of 1132922.
2, 7, 80923
List the prime factors of 1159591.
23, 50417
List the prime factors of 20117329.
29, 693701
What are the prime factors of 363693?
3, 11, 103, 107
List the prime factors of 7423153.
7423153
What are the prime factors of 772393?
772393
List the prime factors of 159536.
2, 13, 59
List the prime factors of 1798502.
2, 19, 47, 53
What are the prime factors of 2402189?
19, 23, 239
List the prime factors of 70891.
70891
List the prime factors of 42389.
19, 23, 97
What are the prime factors of 3564016?
2, 17, 13103
List the prime factors of 7545049.
173, 43613
List the prime factors of 1401426.
2, 3, 13, 53, 113
What are the prime factors of 372626?
2, 211, 883
List the prime factors of 1235198.
2, 97, 6367
List the prime factors of 139770.
2, 3, 5, 1553
What are the prime factors of 888725?
5, 19, 1871
List the prime factors of 4899462.
2, 3, 331, 2467
What are the prime factors of 324941?
324941
What are the prime factors of 621232?
2, 41, 947
List the prime factors of 1299706.
2, 31, 20963
What are the prime factors of 33500274?
2, 3, 31, 233, 773
List the prime factors of 3088711.
3088711
List the prime factors of 977905.
5, 195581
List the prime factors of 6910386.
2, 3, 7, 41, 4013
What are the prime factors of 216460?
2, 5, 79, 137
What are the prime factors of 172653?
3, 13, 19, 233
What are the prime factors of 112624?
2, 7039
List the prime factors of 1452591.
3, 7, 23057
List the prime factors of 881956.
2, 79, 2791
List the prime factors of 120304.
2, 73, 103
List the prime factors of 58842.
2, 3, 7, 467
What are the prime factors of 22104829?
31, 713059
What are the prime factors of 5830625?
5, 19, 491
What are the prime factors of 950506?
2, 137, 3469
What are the prime factors of 6544176?
2, 3, 136337
What are the prime factors of 8574?
2, 3, 1429
List the prime factors of 856764.
2, 3, 7933
What are the prime factors of 139175?
5, 19, 293
What are the prime factors of 2188666?
2, 1094333
List the prime factors of 6028433.
29, 207877
List the prime factors of 321004.
2, 80251
What are the prime factors of 259981?
17, 41, 373
List the prime factors of 9016.
2, 7, 23
What are the prime factors of 1358549?
53, 25633
List the prime factors of 201679.
41, 4919
List the prime factors of 130060.
2, 5, 7, 929
What are the prime factors of 1286212?
2, 321553
List the prime factors of 81231.
3, 27077
List the prime factors of 12776536.
2, 1597067
List the prime factors of 1439794.
2, 619, 1163
What are the prime factors of 392278?
2, 196139
What are the prime factors of 1071400?
2, 5, 11, 487
List the prime factors of 10533219.
3, 3511073
List the prime factors of 1583437.
919, 1723
List the prime factors of 14693318.
2, 31, 269, 881
List the prime factors of 7399367.
59, 83, 1511
What are the prime factors of 3281928?
2, 3, 13, 67, 157
List the prime factors of 37974445.
5, 19, 399731
List the prime factors of 437384.
2, 54673
List the prime factors of 20703029.
137, 349, 433
List the prime factors of 3893939.
7, 167, 3331
List the prime factors of 5416753.
23, 43, 5477
What are the prime factors of 406014?
2, 3, 7, 1381
List the prime factors of 627443.
193, 3251
What are the prime factors of 5109437?
1801, 2837
What are the prime factors of 857568?
2, 3, 8933
What are the prime factors of 257100?
2, 3, 5, 857
What are the prime factors of 313851?
3, 233, 449
List the prime factors of 2443363.
13, 187951
What are the prime factors of 157765?
5, 139, 227
List the prime factors of 732665.
5, 23, 277
List the prime factors of 25857.
3, 13, 17
What are the prime factors of 167567?
41, 61, 67
List the prime factors of 941952.
2, 3, 11, 223
What are the prime factors of 12830222?
2, 331, 19381
What are the prime factors of 239682?
2, 3, 43, 929
What are the prime factors of 418098?
2, 3, 17, 4099
What are the prime factors of 8420898?
2, 3, 23, 139, 439
What are the prime factors of 2990773?
2990773
What are the prime factors of 36864?
2, 3
What are the prime factors of 30986?
2, 15493
What are the prime factors of 11497754?
2, 5748877
What are the prime factors of 1254596?
2, 7, 37, 173
What are the prime factors of 1191389?
193, 6173
List the prime factors of 1007302.
2, 89, 5659
What are the prime factors of 5940196?
2, 1485049
What are the prime factors of 13919766?
2, 3, 7, 331423
What are the prime factors of 2991419?
139, 21521
List the prime factors of 16935226.
2, 7, 11, 277, 397
List the prime factors of 382345.
5, 47, 1627
List the prime factors of 1473108.
2, 3, 7, 13, 19, 71
What are the prime factors of 179410?
2, 5, 7, 11, 233
What are the prime factors of 23359234?
2, 43, 271619
What are the prime factors of 158749?
158749
What are the prime factors of 872332?
2, 218083
What are the prime factors of 3981752?
2, 497719
List the prime factors of 92000.
2, 5, 23
List the prime factors of 3026845.
5, 605369
What are the prime factors of 2003517?
3, 222613
List the prime factors of 4715593.
181, 26053
List the prime factors of 746734.
2, 37, 10091
List the prime factors of 306260.
2, 5, 15313
What are the prime factors of 401720?
2, 5, 11, 83
What are the prime factors of 218813?
7, 31259
What are the prime factors of 98531?
37, 2663
What are the prime factors of 3000474?
2, 3, 166693
List the prime factors of 596238.
2, 3, 43, 2311
What are the prime factors of 2188830?
2, 3, 5, 7, 1489
What are the prime factors of 30291?
3, 23, 439
What are the prime factors of 2058483?
3, 7, 83, 1181
List the prime factors of 6796556.
2, 13, 29, 4507
What are the prime factors of 119356?
2, 53, 563
What are the prime factors of 5457854?
2, 23, 59, 2011
List the prime factors of 7814552.
2, 151, 6469
What are the prime factors of 9983902?
2, 4991951
What are the prime factors of 71188?
2, 13, 37
What are the prime factors of 698246?
2, 127, 2749
What are the prime factors of 1420294?
2, 53, 13399
What are the prime factors of 837638?
2, 418819
List the prime factors of 380038.
2, 19, 73, 137
List the prime factors of 43111.
19, 2269
List the prime factors of 2219007.
3, 7, 105667
What are the prime factors of 1548495?
3, 5, 13, 2647
What are the prime factors of 2867282?
2, 11, 47, 59
List the prime factors of 2474816.
2, 38669
What are the prime factors of 133695?
3, 5, 2971
List the prime factors of 7180278.
2, 3, 7, 23, 7433
What are the prime factors of 1159173?
3, 37, 59
What are the prime factors of 1483423?
1483423
What are the prime factors of 1644191?
43, 38237
List the prime factors of 22226989.
22226989
What are the prime factors of 5495388?
2, 3, 37, 12377
What are the prime factors of 4171426?
2, 7, 17, 1031
List the prime factors of 287329.
7, 41047
What are the prime factors of 599243?
599243
What are the prime factors of 36347?
19, 1913
What are the prime factors of 1527088?
2, 95443
List the prime factors of 101787.
3, 7, 37, 131
List the prime factors of 1773869.
1773869
What are the prime factors of 1747480?
2, 5, 7, 79
What are the prime factors of 14388917?
53, 271489
List the prime factors of 742828.
2, 185707
What are the prime factors of 5255607?
3, 7, 250267
List the prime factors of 31864.
2, 7, 569
List the prime factors of 1323995.
5, 23, 29, 397
List the prime factors of 2031330.
2, 3, 5, 7, 17, 569
What are the prime factors of 440184?
2, 3, 1